8*n**3 - 6*n**2 - 37. Let z(x) = 69*x**3 + 5*x**2 + 31. Let u(g) = -5*h(g) - 6*z(g). Calculate u(1).
-75
Let o be 248/88 + 4/22. Let w(z) = 11*z + o*z**2 + z**3 - 2 - 18*z - 3*z**2 + 6*z. Let m = 0 + 0. Calculate w(m).
-2
Let q(s) = s + 10. Let r(l) = 2*l + 21. Let z(x) = 9*q(x) - 4*r(x). Let u(y) = -y**2 + 8*y - 14. Suppose -2 + 44 = 6*k. Let m be u(k). Determine z(m).
-1
Let d be 288/(-99) - (-14 + (-930)/(-66)). Let x(i) = 24*i - 12. Give x(d).
-84
Let s(x) = x**3 + 12*x**2 + 20*x + 5. Suppose -3*f + 7*y = 2*y + 45, 2*y = f + 16. Let k be s(f). Let j(q) = 2*q**2 - 6*q - 7. Give j(k).
13
Suppose -4*v = 4*v. Let r(i) be the second derivative of i**4/24 + 2*i**3/3 - 29*i**2/2 - 31*i. Let y(k) be the first derivative of r(k). What is y(v)?
4
Let d(p) = 10*p - 1. Let x(b) = -1238*b + 8657. Let z be x(7). Calculate d(z).
-91
Let v(m) = 3*m**2 - 4*m + 2. Let k = 38 + -38. Suppose g - 3 = -k*g. Suppose -g*a = -2 - 4. What is v(a)?
6
Suppose -2*u + 1 = 5*g, 2*u + 0*g - 28 = 4*g. Let j(q) = 2*q + 20 + u + 15 - 29. Determine j(-10).
-6
Let o(l) = 6 - 7 - 9892*l - l**2 + 9902*l. What is o(10)?
-1
Let r(b) be the first derivative of b**2/2 + 248. Let p(t) = -20*t**3 + t**2 + 4*t - 1. Let u(i) = -p(i) + 3*r(i). Give u(1).
19
Let t(k) = -2*k - k**2 + 3 + 3*k - 1. Let l(i) = i**3 - 10*i**2 + 16*i + 2. Suppose 17*o - 56 = -22. Let j be l(o). Give t(j).
0
Let o(t) = -2*t - 4. Let z be (-1)/(20/(-88)) + 9/15. Suppose 0 = 2*q - 2*c + z*c + 35, -c = 5. Calculate o(q).
16
Suppose 20 = -5*q - 0*q, -4*b + 4*q + 20 = 0. Let l(m) be the third derivative of m**4 - m**3/6 - 44*m**2. Determine l(b).
23
Suppose 12*a - 23*a - 3025 = 0. Let u = a - -279. Let o(y) = y**2 - 7*y + 12. Give o(u).
0
Let y(i) be the first derivative of -i**3/3 - 13*i**2/2 - 20*i + 1229. What is y(-9)?
16
Let a = 71 - 66. Let h(p) = -7*p**3 - 4*p**2 - 3*p + 6. Let q(b) = -18*b**3 - 7*b**2 - 6*b + 12. Let k(t) = 5*h(t) - 2*q(t). Determine k(a).
-34
Let f(j) = 180 + 11*j - 267 - 5*j. What is f(13)?
-9
Let w(n) be the first derivative of 61 + 2*n - 1/4*n**4 + 3*n**2 + 2*n**3. Give w(7).
-5
Suppose 2*a = 5 + 1. Let u be ((-10)/(-35))/(a/63). Let d(p) = -p**3 + 7*p**2 - 8*p - 4. Determine d(u).
-16
Let v(l) = 2*l + 3. Let n be 54 - 0/(-3)*1. Suppose 51*d = n*d + 12. Give v(d).
-5
Let l(r) be the third derivative of 0*r + 0 + 1/12*r**4 + 5/6*r**3 - 25*r**2. Calculate l(-5).
-5
Let c(w) = 9*w**2 + 4*w - 7. Let b(p) = -41*p**2 - 17*p + 31. Let j(y) = 2*b(y) + 9*c(y). Give j(1).
0
Let i(j) = -7*j**3 + 80*j**2 - 121*j + 2. Let k(z) = -3*z**3 + 32*z**2 - 49*z + 1. Let l(m) = 5*i(m) - 12*k(m). Give l(-17).
-2
Let u(v) = v**2 - 22*v + 25. Suppose 427*q = 282*q + 2465. Give u(q).
-60
Let x(v) = -2*v - 2. Suppose -3*u + u - 3*z - 2 = 0, 6 = 4*u + z. Suppose 0 = 4*o - 2*k - 10, -u - 1 = -o + k. Suppose -o*q - 20 + 32 = 0. Determine x(q).
-14
Let f(u) = u**2 + 8*u + 7. Let n(d) = 4*d + 3. Let s(w) = -2*f(w) + 5*n(w). Let i be (5 - -1) + (36/6)/(-5 - -3). What is s(i)?
-5
Let s be 7/((-686)/(-126))*7/3. Let w(x) be the third derivative of 1/6*x**4 + 0 + 0*x - 1/60*x**5 + 6*x**2 + 5/6*x**s. What is w(5)?
0
Suppose 8 = h + 3*h. Let t(q) be the second derivative of -1/6*q**4 - 3/2*q**2 + 0 + 11*q + 1/3*q**3. What is t(h)?
-7
Let j(m) = m**3 - 29*m**2 + 77*m + 23. Let f(q) = q**3 - 77*q**2 + 886*q - 30. Let z be f(14). Calculate j(z).
-3
Let r(h) = h**2 + 2*h - 18. Suppose 2*o = -3*x + 7*o - 8, 0 = -o + 4. Suppose 5*u - x*w + 30 = 0, 18 = -3*u + 5*w - w. Determine r(u).
6
Let d = -11 + 38. Suppose -3*q + 3*s = -q + d, q + 3*s = 0. Let i be q - (-5 + (3 - 1)) - -1. Let w(f) = -f**3 - 6*f**2 - 6*f. Give w(i).
5
Let q(k) be the first derivative of -k**2/2 - 7*k + 4027. Suppose 2*g - 20 = -6. Suppose w + 0 = -g. What is q(w)?
0
Let n(c) = 9*c - 118. Suppose -16 = 4*z, 811*z - 48 = -4*h + 813*z. What is n(h)?
-28
Let x be 66/759 - 84/(-92). Let m(p) = -3*p**2 - 3*p + 1. Calculate m(x).
-5
Let n(h) = 8*h**3 + h**2 + h - 1. Let r(j) = j**3 - 18*j**2 + 16*j + 21. Let m be r(17). Suppose m*i = -149 - 27. Let o = i - -45. Calculate n(o).
9
Let a(m) = 150 + m**2 + 4*m + 159 - 607 + 148 + 153. Let s be (-76)/14 - 33/(-77). Calculate a(s).
8
Let i(s) = -2*s**3 - 14*s**2 + 8*s + 6. Let n be (13 + -9)*(-3)/4. Let k(p) = 5*p**3 + 40*p**2 - 23*p - 18. Let b(t) = n*k(t) - 8*i(t). Calculate b(7).
-8
Let f = -4 + 10. Let g = -71 + 75. Suppose -h - f = -g*h + 3*n, -3*h - 2*n + 1 = 0. Let m(l) = 18*l**2 + l. Determine m(h).
19
Let q(z) = z**2 - 5*z + 6. Suppose -726 = 4*o + 7*o. Suppose -5*g - 72 = 238. Let w = g - o. What is q(w)?
2
Let o = -11278 + 11242. Let c(z) = 14*z + 497. Calculate c(o).
-7
Suppose 18*p + 16 = 22*p. Let c(h) = -10*h + 13*h + 1 - p*h + 6*h**2. Suppose -24 = -11*l - 13. Determine c(l).
6
Let t = 4946 + -4951. Let n(w) = -2*w**2 - 2*w + 15. What is n(t)?
-25
Let t(j) = -5*j**2 - 26*j - 4. Let a(x) = 2*x**2 + 9*x + 1. Let n(o) = 8*a(o) + 3*t(o). Let f be (-224)/(-36) + 24/(-108). Determine n(f).
-4
Let t(x) = x**3 - 8*x**2 - 23*x + 20. Let z(b) = -b**3 - 4*b**2 - 28*b - 65. Let w be z(-3). Calculate t(w).
-10
Let z(d) be the third derivative of -5*d**4/12 + 3*d**2 + 31. What is z(-3)?
30
Let h(l) = 400*l + 401*l - 2 - 4*l**2 + 4*l**3 - 1210*l + 405*l - 3*l**3 + 7. Let d be (4/(-6))/((-6)/45). Calculate h(d).
10
Let t(b) = -10*b + 1. Let l(g) = -g + 5. Let z(x) = 4*l(x) - t(x). Let u(p) = 5*p + 20. Let o(a) = -5*u(a) + 4*z(a). What is o(-13)?
-11
Let y(q) = -17*q**3 + 34*q**2 + 13*q - 15. Let s(c) = -7*c**3 + 14*c**2 + 5*c - 6. Let a(x) = 12*s(x) - 5*y(x). Determine a(3).
-3
Let d(c) = 29*c - 153. Suppose 60 = -1417*f + 1429*f. Give d(f).
-8
Let g(m) be the third derivative of -m**5/60 - 9*m**4/8 - 185*m**3/6 + 2679*m**2. What is g(-14)?
-3
Let q = 6180 + -6172. Let w(u) = 2*u**2 - 10*u - 41. Calculate w(q).
7
Let a = 145 - 82. Let f = 57 - a. Let b(o) = o + 4. Let s(q) = 2*q + 9. Let z(h) = 13*b(h) - 6*s(h). Give z(f).
-8
Let s(q) = 2*q**3 + 16*q**2 + 25*q - 9. Let l be s(-3). Let b(g) = 2*g**2 + 1 + 2*g**2 - 2*g**2 - 6*g. Calculate b(l).
37
Suppose 104 - 183 = 170*a + 261. Let f(v) = -9*v**2 - 3*v - 1. Give f(a).
-31
Let l(w) = -w. Suppose 4*f - 8 - 20 = 0. Let x = f + 14. Let v = x - 16. What is l(v)?
-5
Let x be (-12)/((-2)/5 + (-8)/5). Suppose -7 = x*k - 1. Let c(b) = -24 + 24 - b**3. Give c(k).
1
Let m(a) = 4*a - 7. Let d(t) = -5*t**2 + 4*t - 24. Suppose 5*u = 27 - 2. Let z be d(u). Let i = z - -134. Calculate m(i).
13
Let q(g) = -5 - 20*g**2 - 30*g**2 - 5*g + 71*g**2 - 25*g**2 + 7. Calculate q(1).
-7
Let u(f) = -2*f - 8. Let x(m) = -m**2 + 11*m - 34. Let a be x(5). Calculate u(a).
0
Let q(c) be the third derivative of 0*c - 1/120*c**6 - 1/4*c**4 + 2/3*c**3 + 7/60*c**5 + 0 + c**2. Let g be (-2412)/3015*(-15)/2. Give q(g).
4
Let d(y) be the first derivative of y**3/3 + 5*y**2 - y + 2239. Determine d(-9).
-10
Let n(a) = a**3 - 5*a**2 - 4*a - 1. Let g(k) = 8*k**3 - 41*k**2 - 34*k - 8. Let m(w) = 2*g(w) - 17*n(w). Give m(3).
1
Suppose -11*l = -19*l - 32. Let z be (-1)/l + (-275)/(-20). Let c(u) = -31*u + z*u + 12*u - 1. What is c(4)?
-21
Let a(f) = 22*f + 1642. Let m be a(-75). Let l(i) = i**2 + 8*i - 11. Calculate l(m).
-11
Let n(d) = 239 - 47 - 8*d - 243. What is n(-4)?
-19
Let f(s) = 0*s**2 - 2*s + 0*s**2 - 4*s + 5 + s**2. Let c(h) = 14 - 4*h + 37 + 17 - 14. Let r be c(12). What is f(r)?
5
Let g(a) = -a**3 + 10*a**2 - 5*a + 3. Suppose 16*q = 6 + 67 + 71. Determine g(q).
39
Let u(n) = n**2 - 18. Let y be u(6). Let m(g) = -g + 30. Let d be m(21). Let v(o) = -d*o - 2*o - 6*o + y*o. Calculate v(0).
0
Let v(f) = -9*f**2 + 28*f + 15 + 18*f**2 - 16 - 11*f**2 - 21. Give v(12).
26
Let v(b) be the third derivative of -7*b**4/12 - 19*b**3/3 + 11819*b**2. What is v(-2)?
-10
Let m(y) = -17*y - 5*y + 19*y**2 + 22*y - 9*y - y**3 - 42 - 5*y. Calculate m(18).
30
Let n(c) = 2*c + 1. Let j(h) = h + 1. Let l(o) = -7*j(o) + 4*n(o). Let y = 44 - 24. Suppose 10 = -2*t + y. What is l(t)?
2
Let x(s) be the second derivative of -s**5/20 + s**4/6 - 7*s**3/3 + 26*s**2 - 20*s - 96. Determine x(3).
1
Let w(p) = -11*p**3 - 3*p**2 - 5*p - 2. Let i(m) = -86*m**2 - 434*m - 22. Let b be i(-5). Calculate w(b).
84
Let b(w) = -w**2 - 13*w - 41. Let p(y) = -2*y**2 - 237*y - 1875. Let j be p(-110). Give b(j).
-1
Let n(s) = -s - 14. Suppose 3 + 0 = 